Does 10 divide 1730?
True
Is 93244 a multiple of 315?
False
Is 48 a factor of 21209?
False
Does 8 divide 2550?
False
Does 55 divide 4089?
False
Does 6 divide 4549?
False
Does 2 divide 4399?
False
Does 26 divide 1198?
False
Is 520 a multiple of 40?
True
Is 67 a factor of 5663?
False
Does 8 divide 777?
False
Is 15123 a multiple of 216?
False
Is 91 a factor of 21021?
True
Does 38 divide 31241?
False
Is 54246 a multiple of 34?
False
Is 57 a factor of 25435?
False
Is 142 a factor of 18401?
False
Is 1144 a multiple of 27?
False
Is 570 a multiple of 62?
False
Is 4660 a multiple of 8?
False
Is 36 a factor of 26435?
False
Is 11905 a multiple of 26?
False
Is 2645 a multiple of 5?
True
Is 13234 a multiple of 27?
False
Is 774 a multiple of 22?
False
Does 2 divide 347?
False
Is 69 a factor of 662?
False
Is 4 a factor of 28?
True
Is 79 a factor of 1176?
False
Is 10 a factor of 520?
True
Is 202 a factor of 27686?
False
Does 6 divide 26879?
False
Is 1980 a multiple of 60?
True
Is 44 a factor of 93854?
False
Is 8 a factor of 244?
False
Is 2424 a multiple of 95?
False
Is 14 a factor of 2107?
False
Does 8 divide 28068?
False
Does 27 divide 243?
True
Is 1089 a multiple of 10?
False
Is 1113 a multiple of 53?
True
Does 175 divide 6835?
False
Is 5744 a multiple of 16?
True
Does 10 divide 4249?
False
Is 100 a multiple of 25?
True
Is 5 a factor of 506?
False
Is 3 a factor of 22?
False
Does 13 divide 51014?
False
Does 50 divide 8741?
False
Is 71 a factor of 639?
True
Is 736 a multiple of 16?
True
Is 315 a multiple of 35?
True
Is 7533 a multiple of 15?
False
Does 80 divide 4160?
True
Is 27818 a multiple of 72?
False
Is 19141 a multiple of 235?
False
Is 12 a factor of 456?
True
Is 29 a factor of 20909?
True
Does 10 divide 2400?
True
Does 5 divide 1359?
False
Does 58 divide 1951?
False
Is 213 a multiple of 24?
False
Is 204 a multiple of 54?
False
Is 14844 a multiple of 26?
False
Is 15 a factor of 2412?
False
Is 930 a multiple of 30?
True
Is 8 a factor of 3104?
True
Is 17 a factor of 374?
True
Does 82 divide 3198?
True
Is 1436 a multiple of 36?
False
Does 8 divide 548?
False
Is 5 a factor of 9439?
False
Is 66 a factor of 264?
True
Is 88 a factor of 10106?
False
Is 165 a factor of 4290?
True
Is 32 a factor of 2347?
False
Is 11954 a multiple of 139?
True
Does 14 divide 7461?
False
Is 575 a multiple of 6?
False
Does 30 divide 573?
False
Does 4 divide 2524?
True
Does 23 divide 276?
True
Is 253 a multiple of 5?
False
Is 39343 a multiple of 35?
False
Does 71 divide 3961?
False
Is 1021 a multiple of 14?
False
Is 15 a factor of 3105?
True
Is 16 a factor of 14083?
False
Is 60 a factor of 7080?
True
Is 18 a factor of 4518?
True
Is 143308 a multiple of 95?
False
Is 37061 a multiple of 57?
False
Does 11 divide 3766?
False
Is 12 a factor of 456?
True
Is 13 a factor of 66?
False
Is 74298 a multiple of 10?
False
Does 15 divide 1050?
True
Does 92 divide 1386?
False
Does 56 divide 105728?
True
Is 10 a factor of 14?
False
Is 4 a factor of 335?
False
Is 405 a multiple of 6?
False
Is 2835 a multiple of 31?
False
Does 247 divide 13338?
True
Is 14 a factor of 1029?
False
Is 165 a multiple of 33?
True
Is 4752 a multiple of 9?
True
Is 103073 a multiple of 25?
False
Does 35 divide 1400?
True
Does 10 divide 30468?
False
Is 7 a factor of 233?
False
Is 9511 a multiple of 22?
False
Is 36672 a multiple of 96?
True
Is 5005 a multiple of 7?
True
Is 5171 a multiple of 14?
False
Is 2617 a multiple of 26?
False
Does 36 divide 65732?
False
Is 7 a factor of 306?
False
Is 9000 a multiple of 178?
False
Is 1638 a multiple of 14?
True
Is 58422 a multiple of 107?
True
Is 5145 a multiple of 5?
True
Does 16 divide 3520?
True
Does 59 divide 19529?
True
Does 230 divide 29440?
True
Does 26 divide 7955?
False
Is 4621 a multiple of 21?
False
Is 245 a multiple of 28?
False
Is 76 a factor of 22420?
True
Is 11956 a multiple of 122?
True
Does 5 divide 1860?
True
Does 53 divide 5029?
False
Is 192 a multiple of 16?
True
Is 5 a factor of 374?
False
Is 8918 a multiple of 6?
False
Is 30282 a multiple of 42?
True
Is 479 a multiple of 3?
False
Does 52 divide 19396?
True
Does 7 divide 602?
True
Is 3 a factor of 46?
False
Does 311 divide 122817?
False
Does 59 divide 1770?
True
Does 66 divide 637?
False
Is 11 a factor of 946?
True
Is 975 a multiple of 2?
False
Is 1876 a multiple of 14?
True
Is 1738 a multiple of 22?
True
Is 882 a multiple of 21?
True
Is 26909 a multiple of 75?
False
Is 95 a multiple of 8?
False
Is 4 a factor of 601?
False
Is 5414 a multiple of 138?
False
Is 3815 a multiple of 21?
False
Does 8 divide 22472?
True
Is 12898 a multiple of 30?
False
Is 9434 a multiple of 106?
True
Is 26 a factor of 13260?
True
Does 96 divide 6336?
True
Is 438 a multiple of 20?
False
Is 6 a factor of 227?
False
Is 20 a factor of 2960?
True
Does 19 divide 1566?
False
Is 2109 a multiple of 111?
True
Does 12 divide 1043?
False
Is 60 a multiple of 14?
False
Is 141 a factor of 10998?
True
Does 14 divide 756?
True
Does 10 divide 18815?
False
Is 19 a factor of 627?
True
Does 21 divide 1032?
False
Does 45 divide 13365?
True
Does 14 divide 25572?
False
Is 989 a multiple of 23?
True
Does 13 divide 1937?
True
Is 398 a multiple of 11?
False
Is 127 a factor of 11127?
False
Is 5546 a multiple of 37?
False
Is 40 a factor of 978?
False
Does 9 divide 830?
False
Is 87 a multiple of 2?
False
Is 1508 a multiple of 58?
True
Is 1620 a multiple of 10?
True
Is 35 a factor of 57855?
True
Is 7520 a multiple of 160?
True
Is 13 a factor of 30362?
False
Does 167 divide 33152?
False
Does 14 divide 6164?
False
Is 1080 a multiple of 36?
True
Is 94 a factor of 1874?
False
Is 12 a factor of 318?
False
Is 2384 a multiple of 298?
True
Is 8 a factor of 4265?
False
Does 109 divide 109?
True
Is 3214 a multiple of 106?
False
Is 25980 a multiple of 247?
False
Does 13 divide 26808?
False
Is 5638 a multiple of 24?
False
Does 99 divide 8415?
True
Is 247 a factor of 61851?
False
Is 53 a factor of 94605?
True
Is 26 a factor of 20332?
True
Is 17 a factor of 8897?
False
Is 596 a multiple of 94?
False
Is 30224 a multiple of 7?
False
Is 507 a multiple of 39?
True
Is 6756 a multiple of 2?
True
Is 4 a factor of 1548?
True
Does 64 divide 15488?
True
Is 3651 a multiple of 38?
False
Is 17 a factor of 1154?
False
Does 2 divide 1794?
True
Is 75 a factor of 62128?
False
Is 31 a factor of 367?
False
Is 166 a factor of 664?
True
Is 7213 a multiple of 26?
False
Is 15 a factor of 2683?
False
Is 10 a factor of 1820?
True
Does 122 divide 121926?
False
Does 19 divide 4484?
True
Is 4193 a multiple of 7?
True
Is 66942 a multiple of 6?
True
Does 10 divide 200?
True
Does 11 divide 41053?
False
Is 11168 a multiple of 19?
False
Is 2717 a multiple of 13?
True
Does 30 divide 129578?
False
Does 42 divide 13062?
True
Is 6378 a multiple of 6?
True
Is 11874 a multiple of 135?
False
Does 10 divide 6042?
False
Is 16540 a multiple of 5?
True
Is 340 a multiple of 68?
True
Does 5 divide 528?
False
Is 3325 a multiple of 31?
False
Is 9118 a multiple of 94?
True
Does 144 divide 13248?
True
Does 4 divide 249?
False
Is 19 a factor of 37145?
True
Is 34 a factor of 12271?
False
Is 3 a factor of 398?
False
Is 1298 a multiple of 118?
True
Is 4550 a multiple of 7?
True
Is 5 a factor of 8178?
False
Is 18 a factor of 648?
True
Does 53 divide 7526?
True
Is 76 a factor of 1140?
True
Does 238 divide 21896?
True
Is 154 a factor of 12683?
False
Does 16 divide 1708?
False
Is 11872 a multiple of 7?
True
Does 9 divide 414?
True
Is 5 a multiple of 5?
True
Does 13 divide 18666?
False
Is 46 a factor of 2300?
True
Is 280 a multiple of 28?
True
Does 288 divide 4130?
False
Is 8 a factor of 968?
True
Is 109 a factor of 4020?
False
Does 56 divide 23632?
True
Is 16536 a multiple of 12?
True
Is 20 a factor of 5830?
False
Is 312 a multiple of 12?
True
Does 23 divide 2969?
False
Is 11 a factor of 2597?
False
Does 12 divide 3948?
True
Does 10 divide 9041?
False
Does 15 divide 32493?
False
Is 20682 a multiple of 18?
True
Is 14004 a multiple of 46?
False
Is 297 a multiple of 27?
True
Does 28 divide 2800?
True
Is 12 a factor of 10584?
True
Is 3398 a multiple of 45?
False
Is 5 a factor of 58?
False
Is 55196 a multiple of 16?
False
Is 30896 a multiple of 44?
False
Is 9 a factor of 2414?
False
Does 48 divide 111835?
False
Is 64 a factor of 384?
True
Does 